a (base 16) to base 12.
1b854a
Convert 55746 (base 15) to base 13.
96846
-b95b82 (base 15) to base 16
-86b53e
What is 151ad5 (base 14) in base 11?
462076
Convert 165a5 (base 12) to base 14.
b901
-7075c6 (base 14) to base 8
-16340652
-43411 (base 14) to base 3
-22021011202
-4360266 (base 8) to base 11
-7302a6
What is 1137945 (base 12) in base 16?
328385
8093a (base 15) to base 7
3313552
What is 26115 (base 11) in base 15?
b13a
Convert -899b4b (base 15) to base 3.
-110100110111022
Convert -c95181 (base 13) to base 10.
-4723824
-12045078 (base 9) to base 2
-10110011010100001100011
What is 9e67 (base 16) in base 3?
2001121220
-311020132 (base 6) to base 7
-63425255
68603 (base 9) to base 10
45687
Convert 69d3f (base 16) to base 14.
b3d83
-2445123 (base 6) to base 5
-13140411
Convert 757962 (base 10) to base 9.
1374650
Convert 28b14 (base 13) to base 7.
436151
What is -b8341 (base 16) in base 5?
-143120442
-202011033 (base 4) to base 13
-4b705
Convert -1131240220 (base 6) to base 2.
-110000010011111100010100
-41124333 (base 6) to base 3
-2012211120210
37b1b2 (base 12) to base 8
3363126
What is -40c39 (base 16) in base 11?
-171338
Convert -2301205 (base 6) to base 9.
-187355
-56d5 (base 16) to base 6
-250525
-22111232 (base 4) to base 2
-1010010101101110
What is -1da3c (base 14) in base 2?
-10010100101000110
What is b5ca5 (base 13) in base 6?
11003211
What is 1347784 (base 9) in base 16?
b4ce2
What is 33e0a (base 16) in base 4?
303320022
4703 (base 14) to base 10
12351
What is 114303 (base 7) in base 14?
77aa
What is 1239594 (base 10) in base 6?
42322510
-20550 (base 7) to base 12
-2b36
110011100011011001 (base 2) to base 5
23224121
4cc4c (base 15) to base 11
15871a
What is 220110230 (base 5) in base 3?
1202211020112
-828521 (base 9) to base 4
-1320003322
What is -230040334 (base 5) in base 8?
-3704553
Convert 2566867 (base 10) to base 2.
1001110010101011010011
-14450330 (base 6) to base 14
-d1ab4
Convert 289128 (base 10) to base 4.
1012211220
15010634 (base 7) to base 3
2122212100012
15bb3 (base 15) to base 13
25c08
What is -13b02 (base 15) in base 12?
-3070b
Convert 28ef3 (base 16) to base 11.
104a75
What is 111100010110220 (base 3) in base 11?
40016a4
Convert 65828 (base 9) to base 8.
125245
Convert -ab1192 (base 12) to base 15.
-38a6b8
-23000122 (base 5) to base 9
-338615
Convert -101030102 (base 4) to base 7.
-412205
-b42243 (base 13) to base 9
-7815702
-27214362 (base 8) to base 6
-334434242
-134043213 (base 5) to base 9
-1262077
What is 2507521 (base 8) in base 3?
1022011022110
-674aa8 (base 12) to base 9
-3078662
2031103241 (base 5) to base 13
b28543
What is 228180 (base 9) in base 4?
201133311
-10105003 (base 7) to base 12
-347384
What is -20020122112 (base 3) in base 14?
-32b3b
-281255 (base 11) to base 7
-3514213
11201002101120 (base 3) to base 15
3462a9
What is -1162021 (base 8) in base 12?
-1355a9
Convert -1046351 (base 7) to base 16.
-1f9d6
What is -631232 (base 7) in base 2?
-11010011111011101
75967 (base 13) to base 14
5763c
What is -1000001011101110110 (base 2) in base 8?
-1013566
What is -1262b3 (base 12) in base 10?
-301095
Convert -555230555 (base 6) to base 13.
-210b975
13773 (base 15) to base 2
1111001111100001
What is -370bb (base 14) in base 13?
-49376
-1adb43 (base 14) to base 5
-221203441
Convert 1b300 (base 16) to base 12.
54540
Convert -4015134 (base 10) to base 9.
-7488650
Convert -1545102 (base 6) to base 11.
-62aaa
-654b1c (base 14) to base 6
-201321422
What is 5633652 (base 8) in base 16?
1737aa
What is 308 (base 9) in base 7?
506
1010110011011101100010 (base 2) to base 6
140412054
-9a1556 (base 12) to base 10
-2449362
Convert 110133 (base 11) to base 10.
175849
-11000202121 (base 3) to base 6
-1411024
1343143414 (base 5) to base 8
15241264
What is -6202654 (base 7) in base 3?
-1101121210221
What is -17363b (base 14) in base 6?
-25254405
11110022220 (base 3) to base 12
42920
-112022112111 (base 3) to base 4
-1010302321
Convert 25005215 (base 6) to base 16.
c1ecb
104c2 (base 13) to base 7
151462
What is -1000101011001110101110 (base 2) in base 3?
-11021112122110
Convert -5de62d (base 16) to base 11.
-352346a
-1322441121 (base 5) to base 4
-30230122231
-83885 (base 14) to base 16
-4d73d
748741 (base 10) to base 8
2666305
-260b5 (base 14) to base 7
-536315
Convert -1204124 (base 6) to base 13.
-22969
What is 1508171 (base 14) in base 7?
153021601
What is 5d2dc (base 14) in base 13?
7cc16
Convert -131033314 (base 5) to base 9.
-1178868
Convert -16750 (base 13) to base 4.
-22133233
Convert -100000000101111010 (base 2) to base 8.
-400572
-15797 (base 10) to base 5
-1001142
What is 15817a8 (base 11) in base 13?
735311
What is -3331202230 (base 4) in base 10?
-1038508
Convert -6425240 (base 8) to base 11.
-a71433
What is -1000acb (base 13) in base 3?
-100002022200111
Convert 100122222122211 (base 3) to base 7.
61443502
2667233 (base 8) to base 6
24020323
-220201 (base 8) to base 10
-73857
What is -11101111101100000101000 (base 2) in base 7?
-123521211
Convert -650ce (base 16) to base 2.
-1100101000011001110
Convert d25a (base 14) to base 7.
210243
Convert 2002010101102 (base 3) to base 2.
100001101101101001100
What is 233133 (base 5) in base 12?
4b3b
What is -2240000033 (base 5) in base 7?
-60333212
Convert -22201041 (base 6) to base 10.
-668977
What is -387a9 (base 13) in base 6?
-2124101
Convert -45215740 (base 8) to base 6.
-545240424
What is 2263062 (base 9) in base 14?
23b79b
What is -1344320 (base 9) in base 6?
-23452413
What is -544102 (base 6) in base 7?
-245045
What is -21112220112 (base 3) in base 13?
-52877
Convert 76544 (base 15) to base 11.
23739a
What is -10001110110011101001 (base 2) in base 7?
-4654233
Convert 1992873 (base 13) to base 14.
1196903
What is 7793083 (base 11) in base 13?
2aa55b6
-55245000 (base 6) to base 13
-45c276
Convert 22110022002 (base 3) to base 10.
166430
Convert -7832711 (base 9) to base 2.
-10000000100110110110101
10111110111000111 (base 2) to base 7
554641
Convert -10330101013 (base 4) to base 8.
-4742107
-102365 (base 12) to base 8
-755575
Convert -145174 (base 9) to base 7.
-520504
What is 38708 (base 10) in base 12?
1a498
-992636 (base 13) to base 15
-4b2d5e
What is 3535872 (base 9) in base 14?
37b545
Convert a3652a (base 11) to base 6.
55351200
-1a1b3 (base 14) to base 4
-100022201
Convert -140522314 (base 6) to base 5.
-1211411012
What is -1628c (base 13) in base 7?
-234011
Convert 2110023 (base 5) to base 10.
35013
Convert 21ad46 (base 15) to base 7.
16436361
2080714 (base 10) to base 14
3c23c6
3b34e5 (base 16) to base 7
44660302
-2402213 (base 5) to base 6
-535550
-892289 (base 10) to base 6
-31042545
Convert 76832 (base 9) to base 11.
35334
What is -12334b (base 14) in base 4?
-2120032313
Convert -1233112 (base 7) to base 2.
-100110111101000001
What is 5456a (base 12) in base 11?
76768
-fffdc (base 16) to base 3
-1222021022211
1470136 (base 8) to base 12
184252
Convert -133a846 (base 15) to base 3.
-222001222012010
5bb82d (base 14) to base 16
2ff741
Convert -274ba2 (base 12) to base 16.
-9f0aa
Convert 130340313 (base 5) to base 8.
2334036
39435 (base 10) to base 16
9a0b
-36115 (base 8) to base 5
-443222
What is -14676 (base 13) in base 3?
-1221202110
Convert -10001101011000111 (base 2) to base 13.
-26c47
-482b7 (base 12) to base 3
-11221022211
1aa159 (base 15) to base 3
2110000211110
What is -11730 (base 10) in base 7?
-46125
Convert -220210 (base 10) to base 15.
-453aa
Convert 1a29291 (base 11) to base 8.
15036672
Convert b7be0 (base 15) to base 8.
2163021
Convert 12112220100002 (base 3) to base 13.
7c3c82
Convert 45a8a1 (base 11) to base 8.
2625226
107051 (base 10) to base 9
172755
-100a1336 (base 11) to base 13
-40b643a
1022431 (base 5) to base 15
5196
Convert -1010101000010001 (base 2) to base 3.
-2012201111
What is -166a44 (base 14) in base 10?
-786804
What is 11210222210111 (base 3) in base 13?
6b77b7
Convert -12894 (base 10) to base 2.
-11001001011110
-96447 (base 11) to base 16
-22402
Convert -10000110010000101110011 (base 2) to base 15.
-5bd835
Convert -2829487 (base 10) to base 14.
-539223
What is c4610 (base 13) in base 9?
586538
-122233320030 (base 4) to base 13
-15b6733
Convert -6174645 (base 8) to base 16.
-18f9a5
Convert -75e (base 16) to base 3.
-2120212
Wh